
False
Is 5 a factor of 6431974?
False
Does 3 divide 3639405?
True
Is 6 a factor of 43698?
True
Is 24389805 a multiple of 159?
True
Is 47901 a multiple of 6?
False
Is 2113262 a multiple of 118?
True
Is 398677 a multiple of 6?
False
Is 2165200 a multiple of 21?
False
Is 5283280 a multiple of 20?
True
Is 323712 a multiple of 48?
True
Is 866945 a multiple of 291?
False
Is 705671 a multiple of 215?
False
Is 15 a factor of 5976135?
True
Does 30 divide 157020?
True
Is 258153 a multiple of 57?
True
Is 49 a factor of 353878?
True
Is 9 a factor of 302949?
True
Is 16587021 a multiple of 33?
True
Is 46 a factor of 4262736?
False
Does 10 divide 7969131?
False
Does 20 divide 216551?
False
Is 1496 even?
True
Is 18 a factor of 91561?
False
Is 33 a factor of 2200935?
True
Is 174579 a multiple of 14?
False
Does 435 divide 204187?
False
Is 10 a factor of 23604?
False
Is 22 a factor of 5321536?
True
Is 13 a factor of 113224?
False
Is 183372 a multiple of 37?
True
Does 4 divide 31102?
False
Is 109 a factor of 392618?
True
Is 18389383 a multiple of 14?
False
Is 4914 a multiple of 63?
True
Is 351 a factor of 3903471?
True
Is 284 a factor of 714828?
True
Does 41 divide 197129?
False
Does 195 divide 1716000?
True
Is 339 a factor of 3235235?
False
Is 21 a factor of 5747511?
True
Is 108 a factor of 1229493?
False
Does 378 divide 30639?
False
Is 2 a factor of 6681251?
False
Is 160125 a multiple of 61?
True
Does 79 divide 802640?
True
Is 336 a factor of 9583100?
False
Is 138 a factor of 770549?
False
Does 10 divide 15027228?
False
Is 945 a factor of 1041620?
False
Is 127 a factor of 91440?
True
Is 856410 a multiple of 45?
False
Is 30 a factor of 115920?
True
Does 15 divide 126675?
True
Does 34 divide 221090?
False
Is 524223 a multiple of 371?
True
Does 31 divide 798870?
True
Does 21 divide 3250464?
True
Does 54 divide 814212?
True
Is 209 a factor of 40964?
True
Does 91 divide 253071?
True
Is 222 a factor of 9356412?
True
Does 45 divide 370845?
True
Is 48 a factor of 156907?
False
Is 49208 a multiple of 38?
False
Is 311 a factor of 389648?
False
Is 237 a factor of 247640?
False
Does 15 divide 1505100?
True
Is 315 a factor of 156228?
False
Does 374 divide 30294?
True
Is 295 a factor of 24480?
False
Does 1250 divide 4595851?
False
Is 387 a factor of 1639332?
True
Is 15 a factor of 1002634?
False
Does 123 divide 880256?
False
Does 212 divide 2429520?
True
Does 73 divide 1628192?
True
Is 143748 a multiple of 36?
True
Does 22 divide 35767?
False
Is 232 a factor of 1133320?
True
Is 88 a factor of 6562266?
False
Is 322524 a multiple of 1156?
True
Is 5139191 a multiple of 29?
False
Is 77 a factor of 258909?
False
Is 245670 a multiple of 114?
True
Is 2450558 a multiple of 1952?
False
Is 552964 even?
True
Does 29 divide 7511580?
True
Does 11 divide 913407?
True
Does 183 divide 83010?
False
Is 3 a factor of 26570?
False
Does 14 divide 16654?
False
Does 40 divide 227400?
True
Does 20 divide 232780?
True
Is 227 a factor of 150538?
False
Is 7 a factor of 29722?
True
Does 13 divide 4227652?
True
Is 232685 a multiple of 39?
False
Does 42 divide 252756?
True
Does 472 divide 301608?
True
Is 3646720 a multiple of 296?
True
Is 8 a factor of 706288?
True
Is 53 a factor of 479968?
True
Does 154 divide 3458986?
False
Is 3 a factor of 23440?
False
Is 21 a factor of 2570082?
False
Is 95 a factor of 126065?
True
Is 217 a factor of 6546456?
True
Does 7 divide 257369?
True
Is 7 a factor of 77623?
True
Does 12 divide 466149?
False
Does 357 divide 419118?
True
Is 878898 a multiple of 642?
True
Is 104 a factor of 113375?
False
Does 28 divide 538524?
True
Does 1427 divide 5207123?
True
Is 10 a factor of 17250803?
False
Is 42064 a multiple of 13?
False
Is 17 a factor of 432193?
False
Does 261 divide 6176826?
True
Is 7512 a multiple of 296?
False
Does 840 divide 537600?
True
Is 159000 a multiple of 600?
True
Is 157 a factor of 21622511?
True
Is 3 a factor of 69426?
True
Is 10 a factor of 8255490?
True
Is 605860 a multiple of 73?
False
Is 156310 a multiple of 98?
True
Is 13600206 a multiple of 179?
False
Does 18 divide 31619?
False
Is 30 a factor of 93240?
True
Is 3520083 a multiple of 14?
False
Is 80 a factor of 22685360?
True
Does 645 divide 877845?
True
Is 11944075 a multiple of 568?
False
Is 21 a factor of 48567?
False
Is 3 a factor of 19634?
False
Is 274131 a multiple of 27?
True
Does 227 divide 120991?
True
Is 29687832 a multiple of 564?
True
Is 4 a factor of 75224?
True
Is 60 a factor of 858300?
True
Does 361 divide 961098?
False
Does 81 divide 24517?
False
Does 246 divide 218940?
True
Does 45 divide 867105?
True
Does 453 divide 1005095?
False
Is 62974 a multiple of 37?
True
Is 13 a factor of 475094?
False
Is 138384 a multiple of 124?
True
Is 585 a factor of 1604070?
True
Is 202 a factor of 3179682?
True
Does 101 divide 110090?
True
Does 9 divide 135487?
False
Does 68 divide 15525766?
False
Does 196 divide 4740905?
False
Does 24 divide 69938?
False
Is 634032 a multiple of 777?
True
Does 3 divide 940383?
True
Is 12 a factor of 35854?
False
Does 152 divide 341448?
False
Does 61 divide 8465214?
True
Does 17 divide 4111292?
False
Does 12 divide 9472443?
False
Is 2264711 a multiple of 172?
False
Does 82 divide 2201028?
False
Does 50 divide 586621?
False
Is 236 a factor of 1426384?
True
Does 20 divide 539700?
True
Is 20 a factor of 3516?
False
Is 139 a factor of 2844218?
True
Is 221064 a multiple of 244?
True
Does 33 divide 1902648?
True
Is 66 a factor of 131664?
False
Is 313266 a multiple of 7?
False
Is 146 a factor of 2985116?
True
Is 72 a factor of 739080?
True
Does 77 divide 73997?
True
Does 26 divide 23740652?
True
Does 201 divide 20161391?
False
Does 253 divide 13156?
True
Does 9 divide 1150380?
True
Is 46 a factor of 141439?
False
Does 189 divide 164755?
False
Does 25 divide 840655?
False
Is 1685743 a multiple of 91?
False
Is 4 a factor of 704088?
True
Is 343349 a multiple of 323?
True
Does 67 divide 1362110?
True
Is 329 a factor of 1095209?
False
Does 10 divide 5167500?
True
Is 11 a factor of 13866?
False
Is 1097548 a multiple of 1542?
False
Is 131 a factor of 79668?
False
Is 186 a factor of 6445644?
True
Does 23 divide 7806?
False
Is 19 a factor of 4724477?
False
Is 15 a factor of 285810?
True
Is 18 a factor of 650424?
False
Is 257 a factor of 259906?
False
Does 157 divide 214706?
False
Is 104960 a multiple of 320?
True
Is 534 a factor of 227484?
True
Is 137 a factor of 24797?
True
Is 112 a factor of 14854112?
True
Is 71 a factor of 8493162?
True
Is 217 a factor of 31214?
False
Is 2086 a factor of 38750886?
False
Is 19 a factor of 10324?
False
Is 40922 a multiple of 79?
True
Does 2 divide 91748?
True
Does 131 divide 3731600?
False
Does 51 divide 143820?
True
Is 142203 a multiple of 174?
False
Is 138195 a multiple of 4?
False
Is 21 a factor of 328189?
False
Is 255002 a multiple of 134?
True
Does 484 divide 202312?
True
Is 838628 a multiple of 396?
False
Is 13689822 a multiple of 298?
True
Does 9 divide 178539?
False
Is 130 a factor of 148720?
True
Does 27 divide 2736828?
True
Is 649375 a multiple of 368?
False
Does 4 divide 122310?
False
Is 21630 a multiple of 6?
True
Is 2233791 a multiple of 27?
True
Does 26 divide 102312?
False
Is 29 a factor of 239743?
True
Is 86176 a multiple of 8?
True
Is 22 a factor of 228648?
False
Is 1484100 a multiple of 30?
True
Is 4 a factor of 81894?
False
Is 175 a factor of 399483?
False
Does 5 divide 767245?
True
Is 8 a factor of 128720?
True
Is 1355770 a multiple of 13?
True
Does 10 divide 502679?
False
Is 21 a factor of 327?
False
Does 8 divide 170464?
True
Does 7 divide 54514?
False
Is 1060 a factor of 955461?
False
Does 205 divide 225295?
True
Is 6296142 a multiple of 718?
True
Does 105 divide 91389?
False
Is 816979 a multiple of 31?
False
Is 319886 a multiple of 3?
False
Does 8 divide 1753071?
False
Is 22 a factor of 366201?
False
Is 8 a factor of 1519008?
True
Is 121471 a multiple of 49?
True
Is 149 a factor of 38740?
True
Is 3121000 a multiple of 58?
False
Does 686 divide 740726?
False
Is 1759461 a multiple of 111?
True
Is 799081 a multiple of 338?
False
Is 1300 a multiple of 52?
True
Does 211 divide 1556758?
True
Does 5 divide 33182?
False
Does 86 divide 876770?
True
Is 4 a factor of 42838?
False
Is 226 a factor of 6040076?
True
Is 4740610 a multiple of 